*h - 3*h + 11*h**2 + 1 - h**3 + 2*h**3. Calculate the remainder when 18 is divided by k(-9).
8
Let j(t) = 6*t - 70. Calculate the remainder when j(27) is divided by 19.
16
Suppose 5*n - 91 = -i + 2*n, 0 = -3*n + 9. Let m = i + 5. What is the remainder when m is divided by 30?
27
Suppose -7*z - 3*v + 51 = -5*z, -4*z + 5*v = -47. What is the remainder when 63 is divided by z?
9
Let v(u) = -3*u**3 - 2*u**2 + 3*u + 3. Suppose o + 4*w = -2, 2*o + 3*o - 5*w + 10 = 0. Calculate the remainder when 420/(-5)*6/(-8) is divided by v(o).
11
Let n(k) = 10*k**2 - 5*k - 5. Let u be n(4). Let y = -107 + u. What is the remainder when 80 is divided by y?
24
Let s(f) = f - 3. Let a be s(-17). What is the remainder when (-1065)/a + 2/(-8) is divided by 14?
11
Suppose -r + 409 = 3*r + 5*a, 0 = 3*r - 4*a - 330. Calculate the remainder when r is divided by (9/(-6))/(2/(-24)).
16
Suppose -3*c - 66 = -n, 2*c + 66 = -2*n + 3*n. Calculate the remainder when n is divided by 14/21 - 134/(-6).
20
Suppose 32*i = 23*i + 306. Suppose -3*a + 298 = -101. Calculate the remainder when a is divided by i.
31
What is the remainder when (273/(-156))/((-3)/60) is divided by 12?
11
Suppose 7*w - w - 36 = 0. Suppose 2*o - 17 = -3*m + 4*o, -m = -5*o + 16. What is the remainder when m is divided by w?
3
Suppose 0 = -2*l - 5*r + 125, 260 = 5*l - r + 3*r. What is the remainder when l is divided by (-1)/((-15)/(-34) - 2/4)?
16
Let k(c) = c**3 + 10*c**2 + 14*c - 13. What is the remainder when 19 is divided by k(-8)?
1
Suppose -3*x = 6, 2*x + 18 = b - 6. What is the remainder when 72 is divided by b?
12
Let x(o) = o - 16. Let n be x(13). Let w = n + 6. Calculate the remainder when 9 is divided by w.
0
Suppose -2*o + 5*a = -198, 3*o + 5*a - 69 = 2*o. Calculate the remainder when 533 is divided by o.
88
Let l = -1327 - -1353. Suppose -1 = -5*b + 14, 4*b - 40 = -4*c. Calculate the remainder when l is divided by c.
5
Let k = 7 - 2. Suppose -44 = -11*p - 11. Calculate the remainder when k is divided by p.
2
Suppose -536 = -2*l - 474. Calculate the remainder when 114 is divided by l.
21
Let z = 4696 + -4678. Suppose 0 = 3*m - 5*m + 3*l, 3*m = -4*l + 17. Calculate the remainder when (-106 - 0)/((-6)/m) is divided by z.
17
Suppose -h + 80 = 3*h. Calculate the remainder when (-96)/(-176) + (-35560)/(-308) is divided by h.
16
Let d(g) = -5*g**3 + 6*g**2 - 3. Let q(v) = -4*v**3 + 5*v**2 - 4. Let f(n) = -3*d(n) + 4*q(n). What is the remainder when f(-4) is divided by 23?
20
Let x(y) = 2*y**2 + 3*y - 4. Suppose -k = 4*k - 10. Suppose -5*o = -5, 0 = i - o - k*o + 8. What is the remainder when x(i) is divided by 16?
15
Suppose 4 = j - 3*j. Let z = j + 7. Suppose z*i + 110 = 10*i. Calculate the remainder when 87 is divided by i.
21
Suppose -7*x - 12 = -4*x. What is the remainder when ((-2)/3)/(x/54) is divided by (-1*3/3)/((-1)/5)?
4
Suppose 3*a - 101 = -14. Let q = -80 + 95. What is the remainder when a is divided by q?
14
Suppose 9*d - 28 = 5*d. Let n = 11 - 7. Suppose -3*o = n*z - 17, 3*o - z = 4*z - 1. What is the remainder when d is divided by o?
1
Let v(m) = 2*m**3 + m**2 - 2*m + 1. Let g be v(1). Suppose -g*s + 16 = -36. Let x(o) = 10*o**2 - 7*o - 7. Calculate the remainder when s is divided by x(-1).
6
Suppose -5*w = -9*w + 36. Let i(u) = 12*u - 6 - w*u + u**2 + 4. Calculate the remainder when 8 is divided by i(1).
0
Let w(t) be the second derivative of 5*t**4/6 + 4*t**3/3 + 13*t**2 + 20*t. Calculate the remainder when w(-4) is divided by 39.
37
Let w(f) = -f**3 + 6*f**2 + 9*f - 5. Suppose -3*b - 46 = 4*t, -5*t + b - 63 = 2*b. Let v = t + 37. Calculate the remainder when v is divided by w(7).
6
Let q(j) = -j**3 + 23*j**2 - 19*j - 19. What is the remainder when 50 is divided by q(22)?
3
Suppose 4*o + 72 = -28. Let d = o - -27. What is the remainder when 2 is divided by d?
0
Suppose 0 = -5*n + 5*l + 4 + 11, 3 = 2*n - 5*l. Suppose 0 = -4*w - y + 135, -n*w + 132 = 5*y - y. What is the remainder when 101 is divided by w?
33
Suppose -2*x - s = x + 10, 0 = -4*x - 2*s - 12. Let q = -63 + 47. Calculate the remainder when 60 is divided by 4/(q/21)*x.
18
What is the remainder when 2025/54 + (-2)/(-4) is divided by 23?
15
Suppose 14 = -4*s + 18. Let j(y) = 19*y**2 - 4*y + 1. Let i be j(s). Let f = i + -10. Calculate the remainder when 22 is divided by f.
4
Let q = -2335 + 2816. What is the remainder when q is divided by 7?
5
Let r(s) = 10*s - 1. What is the remainder when r(4) is divided by 51/5 - (-15)/(-75)?
9
Suppose 39 = 7*g - 45. Calculate the remainder when 42 is divided by g.
6
Let m(x) = -5*x**2 + 13*x + 921. What is the remainder when m(0) is divided by 44?
41
Suppose -828 = -47*s + 1475. Calculate the remainder when 163 is divided by s.
16
Let r(l) = 4*l + 1. Let v be r(0). Let j(n) = 16*n**2 - n. What is the remainder when j(v) is divided by (48/(-18))/((-4)/6)?
3
Suppose 7*z - 183 = 1567. Calculate the remainder when z is divided by 42.
40
Suppose 4*y - 5 = 7. Let z = 41 + -56. Let p = -4 - z. What is the remainder when p is divided by y?
2
Let z(c) = 17*c**2 + 60*c - 361. What is the remainder when z(6) is divided by 15?
11
Suppose -5*y - 30 = 3*a + 476, 0 = 3*a + 2*y + 521. Let u = 750 - 1058. Let i = a - u. What is the remainder when i is divided by 33?
32
Let b be ((3 - 2) + -2)*-22. Let a = 48 - b. Let k = -12 + a. Calculate the remainder when k is divided by 5.
4
Let m = 237 + -147. Let v = -6 + m. What is the remainder when v is divided by 24?
12
Let c(l) = 11*l**2 + 9*l - 11. Calculate the remainder when 249 is divided by c(2).
45
Let h = 27 + -37. Let i = -62 - -148. What is the remainder when i is divided by 0 + 3 + (9 - h)?
20
Let t(s) = -2*s**2 - 28*s - 16. Calculate the remainder when 13 is divided by t(-13).
3
Let y(n) = n**3 + 11*n**2 + 9*n - 4. Let f be y(-10). Suppose -f*x + 707 = -451. Calculate the remainder when x is divided by 39.
37
Suppose -2*o + 123 = -5*w, 0*w - 2*w = 5*o + 26. Let p = w + 26. Calculate the remainder when p is divided by 1.
0
Suppose 242*c - 243*c = -92. What is the remainder when 452 is divided by c?
84
Let h(r) = r**3 - 11*r**2 + 14*r - 35. Calculate the remainder when 118 is divided by h(10).
3
Let h(s) = -s + 2. Let m be h(0). Calculate the remainder when 103 is divided by (7/2)/(m/20).
33
Suppose -3*u - 487 = -4*k, 0 = -5*u - 30 + 5. Let g = k + -82. Suppose -2*b + 0*b - 75 = -5*v, 2*v + 5*b - 1 = 0. What is the remainder when g is divided by v?
10
Suppose 122*x = 111*x + 132. Calculate the remainder when 94 is divided by x.
10
Let m(l) = 4*l**2 - 41*l + 11. Let f be m(10). Let k = 8 + f. What is the remainder when 33 is divided by k?
6
Let i = -90 + 138. Suppose -i = -5*h + 2*f, -5*h + 4*f = -1 - 45. Calculate the remainder when h is divided by 2.
0
Let z = -110 - -145. Calculate the remainder when z is divided by 21.
14
Let l be 2 - 0/(1/(-1)). Suppose 0*t = -l*t + 64. What is the remainder when t is divided by 18?
14
Let y = -199 + 225. What is the remainder when 1117 is divided by y?
25
Suppose 0 = 2*o - 2 - 2. Suppose 0 = o*c + 4, 2*y + 7*c = 2*c - 4. What is the remainder when 3 is divided by y?
0
Let j(d) be the third derivative of d**4/24 + 10*d**3/3 - 13*d**2. What is the remainder when 27 is divided by j(-5)?
12
Let v be (8/(-3))/(6/(-36)). Suppose 2*d - v = 12. Suppose 3*b + 3*m = -m + d, -5*m = -b + 11. What is the remainder when 11 is divided by b?
5
Suppose -73*c + 3080 = -59*c. What is the remainder when c is divided by 15?
10
Suppose -346 = -5*r + 4*p, -5*r + 3*p + 310 = 8*p. What is the remainder when r is divided by 4?
2
Let g = -29 - -47. Suppose 0 = -h - 4*h + 10. Suppose 50 = 7*n - h*n. What is the remainder when g is divided by n?
8
Let d(q) = q**3 + 3*q**2 - 5*q. Calculate the remainder when (-3828)/(-290) - (-3)/(-15) is divided by d(-4).
1
Suppose t + 48 = 3*t. Let d be (-25)/(-10)*t/10. Let a(q) = 3*q + 5. Calculate the remainder when a(d) is divided by 6.
5
Let k(v) = -v**3 - 14*v**2 - 14*v + 3. Let z be k(-13). Let a = z + -11. Suppose 8*u = a*u + 30. Calculate the remainder when u is divided by 6.
4
Calculate the remainder when 239 is divided by (-1512)/30*((-30)/(-20) + -4).
113
Let n = 935 - 884. Calculate the remainder when n is divided by 11.
7
Suppose -3*k = -101 - 79. Let w(t) = 7*t + 12. Let m(l) = l - 1. Let f(v) =